
False
Is 3931843 a multiple of 77?
False
Is 3375 a multiple of 27?
True
Is 1044 a factor of 215064?
True
Is 439 a factor of 24705619?
False
Is 137970 a multiple of 45?
True
Is 46 a factor of 1647628?
True
Does 155 divide 528395?
True
Is 33 a factor of 68211?
True
Is 3094360 a multiple of 20?
True
Is 87 a factor of 8066517?
False
Is 297 a factor of 276192?
False
Does 211 divide 1425275?
False
Does 13 divide 10172088?
False
Is 205 a factor of 363089?
False
Is 36 a factor of 631913?
False
Does 650 divide 122850?
True
Does 3 divide 21503?
False
Does 320 divide 1059816?
False
Is 139808 a multiple of 16?
True
Is 6493 a multiple of 32?
False
Is 4154499 a multiple of 922?
False
Is 319 a factor of 293161?
True
Does 698 divide 496976?
True
Does 612 divide 766836?
True
Is 13 a factor of 149279?
True
Is 336 a factor of 413137?
False
Is 2146068 a multiple of 10?
False
Does 10 divide 76424?
False
Is 151307 a multiple of 18?
False
Is 201881 a multiple of 19?
False
Does 138 divide 588626?
False
Is 1553400 a multiple of 12?
True
Is 558 a factor of 3048531?
False
Is 17 a factor of 86507?
False
Is 13974776 a multiple of 22?
False
Is 16 a factor of 5546661?
False
Does 91 divide 228005?
False
Does 16 divide 86464?
True
Is 630 even?
True
Is 415 a factor of 182185?
True
Does 28 divide 4293828?
True
Is 601285 a multiple of 21?
False
Is 51 a factor of 22646?
False
Is 2826 a multiple of 3?
True
Does 110 divide 671330?
True
Is 275307 a multiple of 37?
False
Does 4 divide 8576?
True
Is 38717 a multiple of 14?
False
Does 80 divide 25024?
False
Does 916 divide 7332362?
False
Is 27 a factor of 234441?
True
Does 500 divide 554000?
True
Is 430542 a multiple of 14?
True
Is 550907 a multiple of 927?
False
Is 10 a factor of 16448930?
True
Is 248 a factor of 31000?
True
Is 298608 a multiple of 16?
True
Is 230043 a multiple of 11?
True
Does 9 divide 46730?
False
Is 9 a factor of 962481?
False
Does 7 divide 269839?
False
Does 151 divide 729632?
True
Is 117348 a multiple of 22?
True
Does 5 divide 50945?
True
Does 24 divide 371784?
True
Does 194 divide 1356254?
True
Does 288 divide 4059360?
True
Does 40 divide 94278?
False
Does 20 divide 5742042?
False
Is 13 a factor of 3122041?
True
Is 1438480 a multiple of 16?
True
Is 94 a factor of 156777?
False
Is 3 a factor of 111535?
False
Does 49 divide 314090?
True
Is 326824 a multiple of 825?
False
Does 14 divide 6510?
True
Is 94 a factor of 2829839?
False
Does 8 divide 62280?
True
Does 6 divide 3409511?
False
Does 40 divide 597430?
False
Is 94365 a multiple of 7?
False
Does 96 divide 310089?
False
Is 8871551 a multiple of 85?
False
Is 40 a factor of 7990520?
True
Is 485 a factor of 981541?
False
Is 684 a factor of 952134?
False
Is 12 a factor of 221564?
False
Is 866827 a multiple of 78?
False
Does 65 divide 349570?
True
Is 2016950 a multiple of 58?
True
Is 28 a factor of 119660?
False
Does 12 divide 693732?
True
Is 264 a factor of 997392?
True
Does 471 divide 14092345?
False
Is 8595 a multiple of 45?
True
Is 140387 a multiple of 97?
False
Is 84517 a multiple of 6?
False
Is 426000 a multiple of 78?
False
Does 108 divide 932766?
False
Does 74 divide 598243?
False
Is 156377 a multiple of 13?
True
Is 50 a factor of 1994350?
True
Is 44172 a multiple of 4?
True
Is 293636 a multiple of 378?
False
Does 977 divide 2020436?
True
Is 5451010 a multiple of 413?
False
Is 40662 a multiple of 3?
True
Is 57 a factor of 1093126?
False
Does 51 divide 11274441?
False
Does 15 divide 856849?
False
Does 10 divide 144754?
False
Is 96 a factor of 171648?
True
Is 420497 a multiple of 77?
True
Does 241 divide 171833?
True
Is 12305 a multiple of 23?
True
Does 4 divide 139172?
True
Does 9 divide 112419?
True
Is 119 a factor of 153986?
True
Is 42350 a multiple of 175?
True
Does 12 divide 559620?
True
Does 4 divide 135343?
False
Does 332 divide 364204?
True
Is 8 a factor of 615899?
False
Is 84 a factor of 2930299?
False
Is 285 a factor of 752594?
False
Is 444475 a multiple of 115?
True
Is 181 a factor of 10529?
False
Is 16482 a multiple of 41?
True
Does 137 divide 8323572?
True
Is 39925 a multiple of 19?
False
Does 4 divide 323740?
True
Is 425681 a multiple of 13?
False
Does 14 divide 256858?
True
Is 1160206 a multiple of 120?
False
Is 171320 a multiple of 20?
True
Is 5 a factor of 19244?
False
Is 1704664 a multiple of 148?
True
Does 1425 divide 6152647?
False
Is 605025 a multiple of 262?
False
Is 378450 a multiple of 226?
False
Is 2421251 a multiple of 35?
False
Is 1182704 a multiple of 8?
True
Is 9 a factor of 173547?
True
Is 6073605 a multiple of 673?
False
Does 270 divide 797850?
True
Is 142 a factor of 186361?
False
Does 2 divide 246222?
True
Is 258726 a multiple of 62?
True
Is 9 a factor of 251526?
False
Is 312 a factor of 2473990?
False
Does 39 divide 10257?
True
Is 2743360 a multiple of 320?
True
Is 26 a factor of 11076?
True
Does 16 divide 2946928?
True
Is 373540 a multiple of 140?
False
Does 135 divide 3190590?
True
Is 140 a factor of 7479919?
False
Is 5 a factor of 170938?
False
Does 16 divide 147904?
True
Is 38 a factor of 5994956?
True
Is 36 a factor of 12730?
False
Is 5342404 a multiple of 26?
False
Does 26 divide 4134?
True
Is 1560 a multiple of 10?
True
Is 10 a factor of 7699289?
False
Is 628287 a multiple of 79?
True
Is 4374534 a multiple of 93?
True
Does 636 divide 4666968?
True
Is 96 a factor of 184450?
False
Is 6064295 a multiple of 590?
False
Is 154488 a multiple of 123?
True
Is 1968226 a multiple of 13?
True
Is 62238 a multiple of 123?
True
Is 2206974 a multiple of 14?
True
Does 570 divide 6183?
False
Is 13 a factor of 1400840?
False
Is 95 a factor of 220916?
False
Is 13 a factor of 134588?
False
Is 1696662 a multiple of 738?
True
Is 2996532 a multiple of 22?
True
Is 172 a factor of 20445468?
True
Does 31 divide 1678738?
False
Does 245 divide 393876?
False
Is 67 a factor of 3662897?
False
Does 1098 divide 6493291?
False
Is 20 a factor of 1762140?
True
Is 539525 a multiple of 35?
True
Is 337568 a multiple of 16?
True
Does 215 divide 1563480?
True
Is 2525718 a multiple of 250?
False
Does 9 divide 317799?
True
Is 58 a factor of 2789164?
False
Does 7 divide 110397?
True
Does 19 divide 6654823?
False
Is 13 a factor of 610608?
False
Is 47 a factor of 1072370?
False
Is 94950 a multiple of 18?
True
Does 38 divide 202786?
False
Is 5 a factor of 7645?
True
Is 543 a factor of 230232?
True
Is 2361546 a multiple of 805?
False
Is 1223406 a multiple of 6?
True
Is 22 a factor of 6165684?
False
Does 375 divide 987711?
False
Is 10043380 a multiple of 27?
False
Does 2 divide 16323?
False
Is 11 a factor of 21087?
True
Is 3054 a multiple of 17?
False
Is 143 a factor of 85960?
False
Is 522136 a multiple of 342?
False
Is 359980 a multiple of 4?
True
Does 12 divide 793056?
True
Is 2057226 a multiple of 141?
False
Is 62 a factor of 18310?
False
Is 203 a factor of 53542?
False
Is 6 a factor of 10410596?
False
Is 61 a factor of 3718621?
True
Is 8 a factor of 945584?
True
Is 14270 a multiple of 57?
False
Is 558694 a multiple of 22?
False
Is 3087719 a multiple of 277?
True
Is 106 a factor of 10810940?
True
Does 5 divide 87851?
False
Is 3454 a multiple of 22?
True
Is 17 a factor of 72539?
True
Does 159 divide 202407?
True
Does 5 divide 679695?
True
Is 175789 a multiple of 159?
False
Does 36 divide 579816?
True
Does 1400 divide 13893652?
False
Is 1604640 a multiple of 12?
True
Is 67 a factor of 395820?
False
Does 92 divide 59892?
True
Is 324448 a multiple of 38?
False
Is 6580646 a multiple of 2670?
False
Does 16 divide 335824?
True
Does 60 divide 29820?
True
Is 72 a factor of 529140?
False
Does 75 divide 124913?
False
Does 169 divide 2017691?
True
Does 147 divide 1174971?
True
Does 127 divide 580771?
True
Is 1287341 a multiple of 135?
False
Is 508 a factor of 651764?
True
Is 172242 a multiple of 9?
True
Is 16050 a multiple of 10?
True
Is 635040 a multiple of 864?
True
Is 9 a factor of 137188?
False
Is 28898200 a multiple of 31?
True
Is 358 a factor of 1477466?
True
Does 11 divide 1005849?
False
Is 1532495 a multiple of 26?
False
Is 90 a factor of 37870?
False
Is 279 a factor of 219187?
False
Is 120380 a multiple of 66?
False
Is 455916 a multiple of 4?
True
Is 705255 a multiple of 5?
True
Is 323 a factor of 6921353?
False
Is 6300 a multiple of 2?
True
Does 3 divide 81828?
Tr